43750?
True
Does 38 divide 33886120?
True
Is 571 a factor of 104210926?
True
Is 130339516 a multiple of 20?
False
Is 3172 a factor of 88939708?
True
Is 753 a factor of 254190305?
False
Does 90 divide 4232304540?
True
Does 1134 divide 44292906?
True
Is 9872939 a multiple of 8?
False
Is 36935800 a multiple of 275?
True
Is 6 a factor of 12348186?
True
Does 289 divide 11458850?
True
Is 34 a factor of 122518855?
False
Is 2 a factor of 872364?
True
Is 1426 a factor of 55260352?
True
Is 39531392 a multiple of 88?
False
Is 6444 a factor of 742844988?
True
Is 1984 a factor of 61753717?
False
Does 15 divide 30908922?
False
Does 2343 divide 2593133599?
False
Is 1401798889 a multiple of 24?
False
Does 4 divide 10187368?
True
Is 288 a factor of 498132288?
True
Does 120 divide 775994786?
False
Is 16659020 a multiple of 178?
True
Does 4788 divide 525430332?
True
Is 229 a factor of 33606666?
True
Is 18192972 a multiple of 12?
True
Is 1112187245 a multiple of 3253?
False
Is 20 a factor of 4343014980?
True
Is 156064860 a multiple of 2014?
True
Does 1329 divide 8126245?
False
Is 10 a factor of 166117017?
False
Is 9211401 a multiple of 1560?
False
Is 52 a factor of 18541677?
False
Is 174 a factor of 101969220?
True
Does 7 divide 227572722?
False
Is 406 a factor of 50555948?
False
Is 44 a factor of 2232759012?
True
Is 90075584 a multiple of 8?
True
Is 42388416 a multiple of 8?
True
Is 21013832 a multiple of 11?
False
Does 83 divide 371778096?
False
Is 157 a factor of 6086624?
False
Is 105 a factor of 1626418?
False
Is 68 a factor of 36109183?
False
Is 68 a factor of 4216612?
True
Is 4185909 a multiple of 2?
False
Is 5726 a factor of 2302485997?
False
Is 645988537 a multiple of 1011?
False
Is 45 a factor of 1877871645?
True
Does 1877 divide 46301836?
True
Does 23 divide 95611639?
False
Is 70 a factor of 5765448?
False
Does 12 divide 27611896?
False
Is 269 a factor of 986902896?
True
Is 38645532 a multiple of 149?
False
Does 17 divide 11848915?
True
Is 4038 a factor of 1538588626?
False
Is 707695182 a multiple of 9?
True
Does 27 divide 19986480?
True
Is 99 a factor of 213352821?
True
Is 344397855 a multiple of 745?
True
Is 207267796 a multiple of 115?
False
Does 83 divide 242916221?
False
Is 109 a factor of 450578338?
False
Does 10 divide 181258671?
False
Is 130 a factor of 21713976?
False
Is 195 a factor of 122766930?
True
Is 1585708596 a multiple of 18?
True
Is 3168906776 a multiple of 309?
False
Does 3765 divide 969819635?
False
Does 299 divide 3058894384?
True
Does 7 divide 454186467?
True
Is 13847879 a multiple of 5?
False
Does 121 divide 32799712?
True
Does 4 divide 24410716?
True
Is 3 a factor of 1205195?
False
Is 960757591 a multiple of 2348?
False
Is 3762 a factor of 162258822?
True
Does 62 divide 38619304?
True
Is 194 a factor of 1004552176?
True
Does 48 divide 15015504?
True
Is 74 a factor of 1537513388?
False
Does 14 divide 5463605066?
False
Is 60241233 a multiple of 507?
True
Is 105997012 a multiple of 1779?
False
Is 21 a factor of 78865689?
True
Does 24 divide 422952456?
True
Is 256 a factor of 3340933376?
True
Does 1565 divide 81763425?
True
Is 850 a factor of 175950?
True
Is 24999396 a multiple of 157?
False
Is 34 a factor of 41369806?
True
Is 59309936 a multiple of 103?
False
Is 504494451 a multiple of 12?
False
Does 21 divide 513999005?
False
Is 31595372 a multiple of 570?
False
Does 20 divide 6775300?
True
Does 1243 divide 1214136983?
False
Is 2409 a factor of 8221917?
True
Does 3036 divide 574295832?
True
Does 20 divide 5785966420?
True
Is 21423382 a multiple of 206?
True
Is 47617984 a multiple of 262?
False
Is 30892028 a multiple of 6?
False
Is 2653094668 a multiple of 86?
True
Is 686600543 a multiple of 2083?
True
Does 115 divide 235108575?
False
Is 20 a factor of 778720?
True
Is 151994736 a multiple of 20?
False
Does 1091 divide 346240298?
False
Does 24 divide 965281736?
False
Does 51 divide 2270575687?
False
Is 1743 a factor of 44795463?
False
Is 770495904 a multiple of 2026?
True
Does 8 divide 82317420?
False
Is 291012008 a multiple of 56?
True
Does 4870 divide 943591720?
True
Does 16 divide 18856208?
True
Does 17 divide 21257191?
True
Is 3483336 a multiple of 3?
True
Does 107 divide 41373904?
True
Does 300 divide 545038800?
True
Is 668120278 a multiple of 165?
False
Is 111936000 a multiple of 1100?
True
Is 39 a factor of 197353143?
True
Does 1232 divide 25100768?
True
Is 20160917 even?
False
Is 88072875 a multiple of 7?
False
Is 18176200 a multiple of 5?
True
Is 1189246560 a multiple of 2312?
True
Is 4820017 a multiple of 18?
False
Is 42 a factor of 217710024?
True
Does 4081 divide 612487831?
False
Is 57 a factor of 1061796?
True
Does 28 divide 174643549?
False
Does 2371 divide 101741981?
True
Does 92 divide 22198714?
False
Is 11187413 a multiple of 3?
False
Does 840 divide 369831613?
False
Is 118120962 a multiple of 8?
False
Does 1049 divide 716380191?
False
Is 760326100 a multiple of 100?
True
Is 2537288 a multiple of 26?
True
Does 14 divide 369371809?
False
Is 5 a factor of 1129127205?
True
Is 287 a factor of 20800038?
True
Is 208531824 a multiple of 567?
False
Is 141 a factor of 72900487?
False
Is 3239 a factor of 17727047?
True
Is 971687860 a multiple of 110?
True
Is 1194608041 a multiple of 1034?
False
Is 35 a factor of 31723615?
True
Does 1311 divide 109751704?
False
Is 13253589 a multiple of 9?
True
Is 3 a factor of 187394607?
True
Does 874 divide 35630471?
False
Is 232320861 a multiple of 5457?
True
Does 51 divide 111216945?
False
Is 154 a factor of 672562044?
True
Is 17 a factor of 851749247?
False
Does 3 divide 1699422997?
False
Is 24248448 a multiple of 1746?
True
Is 74886933 a multiple of 1749?
True
Is 240252271 a multiple of 4?
False
Is 151 a factor of 115277779?
True
Does 2919 divide 1321769904?
True
Is 2846918 a multiple of 36?
False
Does 694 divide 360972996?
True
Does 468 divide 4987784412?
True
Is 2658 a factor of 1542862680?
True
Is 481 a factor of 356105338?
False
Is 10 a factor of 455067086?
False
Does 8 divide 77036914?
False
Does 20 divide 9233441?
False
Does 15 divide 105382060?
False
Is 1301 a factor of 120715457?
False
Is 568 a factor of 521837926?
False
Is 994 a factor of 75392912?
True
Is 75899145 a multiple of 7?
True
Does 715 divide 407763070?
True
Is 62513724 a multiple of 52?
True
Does 1753 divide 29433265?
False
Is 28345865 a multiple of 11?
False
Is 130803921 a multiple of 34?
False
Is 3 a factor of 7227570?
True
Does 3884 divide 593410367?
False
Is 6220 a factor of 674244980?
False
Is 6151333 a multiple of 15?
False
Is 2 a factor of 466350547?
False
Is 1389180471 a multiple of 275?
False
Is 7707 a factor of 472974727?
False
Does 426 divide 34282936?
False
Is 186108372 a multiple of 37?
True
Does 3122 divide 1155292349?
False
Does 2907 divide 197949258?
True
Is 21 a factor of 7922606?
False
Does 36 divide 28552183?
False
Does 267 divide 743986548?
False
Is 2883 a factor of 3602775690?
False
Is 9 a factor of 36187233?
False
Is 3408505 a multiple of 103?
False
Is 2303995271 a multiple of 1514?
False
Is 1070526332 a multiple of 1108?
True
Is 164227612 a multiple of 177?
False
Is 121936236 a multiple of 141?
True
Is 1702340147 a multiple of 247?
False
Is 5 a factor of 6661770?
True
Is 22104828 a multiple of 51?
True
Does 18 divide 761736474?
True
Is 1023 a factor of 742268733?
False
Is 173330483 a multiple of 601?
False
Does 80 divide 106058975?
False
Is 1918014992 a multiple of 233?
True
Does 161 divide 5451782?
True
Is 9128694 a multiple of 1581?
True
Does 552 divide 96225519?
False
Does 1601 divide 236778294?
True
Is 8 a factor of 524614411?
False
Does 463 divide 56814730?
True
Does 20 divide 97240861?
False
Does 12 divide 8455968?
True
Is 1047497863 a multiple of 149?
True
Is 1387126982 a multiple of 22?
False
Is 14 a factor of 32594366?
True
Is 873864576 a multiple of 144?
True
Is 867888 a multiple of 189?
True
Is 23243951 a multiple of 1397?
False
Is 4 a factor of 7073096?
True
Is 44925317 even?
False
Is 2290 a factor of 400894270?
True
Does 14 divide 1205725792?
False
Is 47200312 a multiple of 20?
False
Does 475 divide 135789200?
True
Does 100 divide 12347812?
False
Is 1585375036 a multiple of 2246?
True
Is 1546404257 a multiple of 825?
False
Does 10 divide 1707548170?
True
Is 2473 a factor of 3349